pose 0 = 13*d - 15*d + b + c, -b + 605 = 5*d. What is the hundreds digit of d?
1
Suppose 2*y + 150 = 2*t + 78, 0 = -5*t - 30. Suppose -i + 9 = 30. What is the units digit of (-5358)/y + (-9)/i?
8
Let c be (39/26*(-284)/(-3))/(-2). Let b = c + 75. Suppose b*q - 2*n = 354, 2*n + 96 = -6*q + 7*q. What is the units digit of q?
6
Suppose -18490 = -4*l + 9*l. Let c = 2542 + l. What is the tens digit of (c/51)/((-2)/6)?
6
Let l be (-13 - -3 - 3)*-2. Let d = l + 21. Suppose 0 = 48*s - d*s - 100. What is the tens digit of s?
0
Let y(r) = -16 - r - 34 - 17 - 6. Let c(q) = -q - 37. Let x(z) = 7*c(z) - 4*y(z). What is the units digit of x(-18)?
7
Let b(u) = 975*u**2 - 324*u - 2299. What is the hundreds digit of b(-7)?
7
Let a(z) = 358*z - 10. Let x be a(6). Let v = x + -1355. What is the units digit of v?
3
Let l be 7/(-35) + 117/(-15). Let c(y) = -16*y**3 + 8*y + 9. Let a be c(-2). Let d = a - l. What is the units digit of d?
9
Let p(u) = u**2 + 3*u - 14. Let q be p(7). Suppose 0 = -3*v + 5*v - q. Let x = 75 - v. What is the units digit of x?
7
What is the hundreds digit of (6 + -7 + 7)/3 + 2353?
3
Suppose -35 = 19*c - 18*c. Let r = c + 49. What is the units digit of ((-21)/r)/(-3)*(27 + -1)?
3
Let l = -4447 - -9843. What is the tens digit of l?
9
Let z(d) = 117*d - 1434. What is the thousands digit of z(47)?
4
Let b = 17 + -9. Suppose 0 = -94*n + 7*n + 3567. Let x = n - b. What is the units digit of x?
3
Let x = -48 + 49. Let h be (1 + x)/(-12 - -13). Suppose -5*u - 2*m = -294, 2*u + m = -h*u + 237. What is the tens digit of u?
6
Let t(a) = 44*a + 24. Let g be t(11). Suppose -4*z = 4*d + 32 + g, 3*z - 3*d + 429 = 0. Let x = z - -248. What is the units digit of x?
9
What is the thousands digit of (76744/905)/(2/215)?
9
Let r = -57849 + 97457. What is the units digit of r?
8
Let r(g) = g**3 + 5*g**2 + 2*g - 1. Let x be r(-5). Let j = 301 + -303. What is the units digit of 14/(-5)*((x - 2) + j)?
2
Suppose -3*d - 15 = 0, -6*i + 2*i + 4*d = 100. What is the tens digit of 4/i - 16353/(-135)?
2
Let c = -145 - -193. What is the tens digit of 10/(20/(-30) - (-35)/c)?
6
Suppose 9*d - 15*d = -30. Suppose -2*i = -10, d*v + i - 770 = -4*i. What is the tens digit of v?
4
Suppose 2918 + 1026 = 17*d. Let m = -132 + d. What is the units digit of m?
0
Let v = 339 - 96. Let s = 407 - v. What is the units digit of s?
4
Let v be ((-14234)/55)/((-6)/5)*9. Suppose -3*r + 4*j = -1926, 0 = 3*r - 2*j + 3*j - v. What is the hundreds digit of r?
6
Suppose 11805 = -8*m - 4*q + 50485, 19376 = 4*m - 4*q. What is the tens digit of m?
3
Suppose 3*f - 46705 = 5*a - 6798, -3*a + 26573 = 2*f. What is the thousands digit of f?
3
Suppose -5*k = g - 955, 5*g = -3*k + 166 + 4521. What is the hundreds digit of g?
9
Suppose 27*g = -3*g + 14*g + 72464. What is the tens digit of g?
2
Let o = -7 - -9. Suppose 5*s + 4 = -2*v, 9 = 9*v - 4*v + 3*s. Suppose 5*q = h - v*h + 733, -o*q + 3*h + 278 = 0. What is the hundreds digit of q?
1
Let k(n) = 2*n**3 - 22*n**2 + 4*n - 14 - 3*n**3 + 11*n**2. Let q be k(-13). Suppose 6*f = 1042 + q. What is the units digit of f?
9
Suppose -12*g - 281*g + 12*g + 5487368 = 0. What is the thousands digit of g?
9
Let w(f) = f**3 + 23*f**2 - f + 5. Let h be w(-23). What is the hundreds digit of -8 - (-346 - h/7)?
3
Let b = 2 + 1. Suppose -16*q + 653 + 3619 = 0. Suppose -71 = -c + 5*l, -3*c + q = -0*l + b*l. What is the units digit of c?
6
Let f be -10 + 11 + 118*28/8. Suppose f*i + 2472 = 422*i. What is the units digit of i?
9
Suppose 2*t + 4*x - 27380 = -1668, -t - 3*x = -12860. What is the thousands digit of t?
2
Suppose 0 = -p + 3*c + 17, -2*p + 0*c = -c - 14. Let b = 112 + 51. Suppose p*z - 2*f - 167 = 0, -4*z = -2*f - b + 31. What is the units digit of z?
5
Let d(w) = -31*w + 112. Let v(m) = m**3 - 8*m**2 + 12*m - 1. Let u be v(5). What is the units digit of d(u)?
8
What is the ten thousands digit of 11 + (-78)/6 + 14228?
1
Let s be (20/(-2))/((-26)/39). Suppose 2*k + 107 = -s. Let x = -50 - k. What is the tens digit of x?
1
Suppose 4*c - 3*b - 6239 = 0, -4*b - 1563 = 3*c - 4*c. Suppose -7*q + 767 = 2*m - 4*q, 4*m + q = c. What is the tens digit of m?
9
Let p be (-11)/33 - 10/(-3). Suppose 4*s + 0*a + p*a + 64 = 0, -20 = 5*a. Let m = 39 - s. What is the units digit of m?
2
Let x(f) = 1953*f - 7833. What is the thousands digit of x(14)?
9
Suppose -2*d + n = -1183, 2138 + 802 = 5*d + n. Suppose -b + d = -4*g, b + b + 3*g - 1178 = 0. What is the units digit of b?
9
Suppose r = -4*f + 57926, 5136*r + 57896 = 4*f + 5132*r. What is the units digit of f?
0
Let i be ((10 - 7)/(-1 - 0))/1. Let t = i + 7. Suppose -s - 5*u + 4 = -u, 2*s - t*u = 32. What is the tens digit of s?
1
Let g(p) be the first derivative of 110*p**3 + 3*p**2/2 - 5*p + 10. What is the tens digit of g(1)?
2
Suppose 27085 + 16019 = 8*l. What is the units digit of l?
8
Let b = -2202 + 13040. What is the units digit of b?
8
Let n be (-238)/(-26) - -4*(-3)/78. Let j(v) = -v + 11. Let g be j(n). Suppose g*b + 430 = d + 3*d, 3*d = -b + 335. What is the tens digit of d?
1
Let p be (-152)/(-6)*1539/38. Suppose -2126 = -8*s + p. What is the hundreds digit of s?
3
Suppose 6 = -40*g + 41*g. Let i be ((-9)/g)/((-3)/10). Suppose 0 = -4*o - 16, i*o = -5*u + 4*u + 10. What is the units digit of u?
0
Suppose 0 = -4*s + s + 6. Suppose 4*u + 1036 = s*j, 356 + 160 = j - 4*u. Suppose 156 + j = 4*r. What is the tens digit of r?
6
Suppose -67*l = -144*l + 1315622. What is the tens digit of l?
8
Suppose 9*g - 5*v = 12*g - 11250, 0 = 3*v. What is the tens digit of g?
5
What is the hundreds digit of (-182126)/(-5)*(-2480)/(-1736)?
0
Let g(l) = -l**2 + 6*l + 3. Let k be g(5). Suppose -8 = -k*n + 4*n. What is the units digit of 496/4 - n/2?
3
Let f = 197 + -201. What is the units digit of 10 + -7 - (f + 0)?
7
Suppose -336*o + 11933424 = 296*o. What is the thousands digit of o?
8
Let w(q) = -q**3 + 30*q**2 + 76*q + 5. Let z = -310 - -342. What is the tens digit of w(z)?
8
Suppose -4*x - 64*i + 59*i + 12713 = 0, -5*x + 3*i = -15845. What is the units digit of x?
2
Let h = -990 + 2128. What is the tens digit of h?
3
Let m(l) = -2*l**2 + 68*l - 5. Let o be m(34). What is the hundreds digit of 2/o + ((-22616)/10)/(-4)?
5
Let k = 2086 + 6196. What is the hundreds digit of k?
2
Let v = -19410 + 33337. What is the units digit of v?
7
Suppose 17*i - 88 = 6*i. Suppose -6*c + 2*c + i = 0. Suppose 0 = 4*y + 5*f - 98, 0*f = c*y + 2*f - 48. What is the units digit of y?
2
Suppose -2*r - 5*l = -2, -3*r = 4*l - 10 - 0. Suppose 1036 = -r*k + 2632. What is the tens digit of k?
6
Let f(i) = 126*i + 18. Let r be f(8). Suppose -542 = -2*l + r. What is the hundreds digit of l?
7
Let v be (64/6)/((-6 + 1)/(-15)). Suppose g + 2*u = 23, 0 = 2*g - 0*g - 3*u - v. Suppose 7*f - 558 = -g. What is the units digit of f?
7
Suppose 4*y - 8 = 2*d, -d = -3*y - 0*d + 7. Let m be (-5)/(-3) - (-3 + 11/y). What is the units digit of 5 + -5 - (-289 - m) - 1?
9
Suppose r + 3*l = 465 + 3442, -5*l + 19585 = 5*r. Suppose 4107 = 7*a - r. What is the tens digit of a?
4
Suppose -79819 = -3*u + 2*k, u - 21*k = -24*k + 26599. What is the ten thousands digit of u?
2
Let q be (-1 - -1 - 2)/(-1). Suppose -q*m + f = -1, -4*f + 6 + 10 = 2*m. Suppose -3*d = m*t - 25, -20 - 3 = -3*d - t. What is the units digit of d?
7
Let f be 67 - -37 - (-1)/(1 - 2). Suppose 886 - f = 3*q. What is the units digit of q?
1
What is the tens digit of -5 + 1 - -13 - (8 + -7 + -7)?
1
Let k(t) be the third derivative of t**6/120 - 3*t**5/20 + t**4/3 - 3*t**3 + t**2. Let o = -12756 + 12765. What is the tens digit of k(o)?
5
Suppose -z - 178 = -172. Let i(x) = -4*x**3 - 16*x**2 - 19*x + 7. What is the tens digit of i(z)?
0
Let t(s) = 7*s + 6*s - 7*s + 5*s + 2*s - 279. What is the hundreds digit of t(32)?
1
What is the thousands digit of (-10)/7 - (0 - (-6774435)/(-105))?
4
Let n = -47 + 168. Suppose 708 = -3*z + 7*z + 3*p, 4*p + 376 = 2*z. Let q = z - n. What is the units digit of q?
9
Suppose 5*i - 1 = 4. Suppose -n = -3 - i, 0 = 2*l + 2*n - 534. Suppose 0 = -5*y + 87 + l. What is the tens digit of y?
7
Let x(d) = -25*d**2 - d. Let w be x(2). Let j be -80*25/(-30) + 200/(-120). Let y = j - w. What is the units digit of y?
7
Let r = 962 + 304. Suppose 2*c + 152 = r. What is the hundreds digit of c?
5
Suppose